2, 3, 5
Let a = 35 - 36. Let j = 5 + a. Suppose 3*c - l - 323 = j*l, -2*l = c - 104. What are the prime factors of c?
2, 53
Suppose -4*t - 1490 = -3*w - 3927, 0 = 4*w - 20. Suppose -798 = -3*h + n + t, 0 = -2*h - n + 939. What are the prime factors of h?
2, 5, 47
Let w be ((-27)/4)/((-114)/7904). Let i = w - -74. List the prime factors of i.
2, 271
Suppose 1288*m = 1268*m + 22060. What are the prime factors of m?
1103
Suppose 5*h - 33830 + 3655 - 55615 = 0. What are the prime factors of h?
2, 23, 373
Suppose m + 601 = w, 7*w = 3*w + m + 2410. Let v be w/117 + (-4)/26. Suppose v*x + 33 = 538. List the prime factors of x.
101
Suppose -264903 = -611*g + 381904 + 140772. What are the prime factors of g?
1289
Suppose -35012*z + 35010*z = -24496. List the prime factors of z.
2, 1531
Let r = 29784 - -3431. What are the prime factors of r?
5, 7, 13, 73
Let w(z) = 21*z**2 - 129*z + 4. List the prime factors of w(-10).
2, 1697
Let a = 23459 - 19079. List the prime factors of a.
2, 3, 5, 73
Let j be (-466)/9 - (-8)/(-36). Let d(q) = -14*q + 115. Let g be d(10). Let p = g - j. What are the prime factors of p?
3
Let f(r) = -r**3 - 11*r**2 - 8*r - 5. Let p be (-62)/6 + 36/(-54). List the prime factors of f(p).
83
Suppose 39*t - 53634 = 22650. List the prime factors of t.
2, 3, 163
Let t(i) = -i**3 + 18*i**2 - 16*i - 16. Let h be t(17). What are the prime factors of (-9 - -8)/(h/3) + 7?
2
Let q(h) = h**2 - 2*h - 1. Let l be q(2). Suppose -2*k = 215 + 113. List the prime factors of 0/l - k/8*2.
41
List the prime factors of 1*-5*(-174582)/305.
2, 3, 53
Let w(s) be the first derivative of s**5/60 + s**4/2 + 5*s**3/2 - 13*s**2/2 + 4. Let c(z) be the second derivative of w(z). List the prime factors of c(-17).
2, 5
Let y(z) = z**2 - 22*z + 46. Let q be y(23). Suppose -5*p + q + 276 = 0. List the prime factors of p.
3, 23
Let k(v) = v**2 - 24*v + 88. Let h be k(21). Suppose -1414 - 10686 = -h*l. List the prime factors of l.
2, 11
Let w(t) = -2*t**3 + 11*t**2 + 8*t + 1. Let h(u) = -3*u**3 + 21*u**2 + 16*u + 4. Let r(k) = 3*h(k) - 5*w(k). What are the prime factors of r(-5)?
2, 3, 7
Let w = 13338 + -7126. List the prime factors of w.
2, 1553
Let m(c) = -140*c - 106*c + 628*c - 91*c - 177. What are the prime factors of m(6)?
3, 523
Let d(g) be the second derivative of -2*g**5/15 - 7*g**4/24 + 19*g**3/6 + 21*g. Let f(n) be the second derivative of d(n). List the prime factors of f(-9).
137
Let w be (((-14)/(-3))/(-7))/(2/(-9)). Suppose 2*g + 5*r - r + 22 = 0, 3*g = -w*r - 18. What are the prime factors of 22/(-99) - ((-218)/(-9))/g?
2, 3
Let q(i) = -321*i**3 - 3*i**2 - 2*i - 36. What are the prime factors of q(-3)?
2, 3, 5, 7, 41
Let w = -126 + 135. What are the prime factors of w*(2485/63 + 3)?
2, 191
Suppose 0 = 7*n - n - 36. Let d(s) = -3*s - n + 7*s - 5*s. What are the prime factors of d(-17)?
11
Let r = -30100 + 42404. What are the prime factors of r?
2, 769
Suppose 4*g + 14 = -2*o, 0*g = -5*g + 15. Let z(s) = -40*s + 16. Let a be z(o). Suppose -5*u + 2*b - b = -548, -a = -5*u - 3*b. List the prime factors of u.
109
Let v(r) be the first derivative of 31*r**3/3 - 9*r**2/2 - 61*r + 284. List the prime factors of v(-6).
1109
Let s(g) = 1147*g - 876. List the prime factors of s(11).
59, 199
Suppose -b - 2*c + 8640 = 1872, c - 20279 = -3*b. List the prime factors of b.
2, 31, 109
Suppose -358 - 72 = -2*j. Suppose -j = -6*q + 7*q. Let f = q - -372. List the prime factors of f.
157
Suppose -4*a + 651 = -3733. Suppose 4*u - 4*w - a = 0, -2*u - 5*w + 96 = -438. Suppose -r - u = -5*r. List the prime factors of r.
2, 17
Let f = 19101 - -34168. What are the prime factors of f?
53269
Let q be (8/(-6))/((-6)/(-9)) + (-2396)/(-4). Suppose -j + 5*m + 358 = -499, -j + 884 = 4*m. Let r = j - q. What are the prime factors of r?
5, 11
Suppose 5*g + 3595 = -5*o, 4*g - g + 4*o + 2153 = 0. Let s = g + 1091. List the prime factors of s.
2, 23
Suppose 9*k - 45189 - 8541 = 0. List the prime factors of (-4)/(-8)*19/(95/k).
3, 199
Suppose -11*o + 26932 + 12800 = 0. List the prime factors of o.
2, 3, 7, 43
Let a be 65/(-52) + (-245)/(-4). What are the prime factors of ((-556)/20)/((-4)/a)?
3, 139
Suppose -3*j + 159 = 3*g, j - 3*g - 81 = -j. Suppose -j + 124 = 4*h. Suppose 5*f = h + 251. What are the prime factors of f?
2, 3
Let i = 448 + -448. Suppose x + 2*y - 277 = i, -2*y = 3*x - 915 + 64. What are the prime factors of x?
7, 41
Let w = 4287 - 124. What are the prime factors of w?
23, 181
Let z(u) be the second derivative of 5*u**4/4 + 37*u**3/6 - u**2/2 + u - 32. What are the prime factors of z(4)?
3, 43
Let i be (9/(-1))/(3 - 124/41). Let u = 618 - i. List the prime factors of u.
3, 83
Let q = -4 + 10. Suppose -4*y + 42 = 10. What are the prime factors of (-9340)/(-60) + y/q + -2?
5, 31
Let b(z) = 2*z**3 - z**2 + 1. Let h(o) = -10*o**3 - 7*o**2 - 5*o + 20. Let d(i) = 3*b(i) + h(i). What are the prime factors of d(-6)?
557
Suppose 3*o + 2*q = 5*q + 201, -5*o = -2*q - 329. Suppose 2*i + 30 = -4*r, -i + 6*r - r + 6 = 0. List the prime factors of o + (-12)/i*3.
3, 23
Let k(v) = -7*v - 88. Let p be k(-21). Suppose -n - 4*c = 2 - 0, -2*c + 44 = -4*n. Let s = p - n. What are the prime factors of s?
3, 23
Let a(n) = 7*n**2 - 110*n + 2070. What are the prime factors of a(38)?
2, 3, 31, 43
Let i(w) = -w**2 - 54*w + 117. Let k be i(-52). Suppose k*m = 217*m + 5312. What are the prime factors of m?
2, 83
Let h(q) be the third derivative of -20*q**2 - 1/120*q**6 + 0 + 11/6*q**3 + 1/4*q**5 + 2/3*q**4 + 0*q. List the prime factors of h(16).
11
Suppose -90878 = -34*p + 194037 - 93869. What are the prime factors of p?
3, 1873
Let l be -372 + (4 - (-24)/(-4)). Let k = 597 + l. What are the prime factors of k?
223
List the prime factors of 4/26 + (-19496555)/(-845).
3, 7691
Let n be (-19)/(-4) + -9 + 396/48. Suppose 0*o + 304 = 2*a + 5*o, -n*a - 3*o + 636 = 0. What are the prime factors of a?
2, 3
Suppose 138*h - 495126 = 3381846. List the prime factors of h.
2, 11, 1277
Let s(m) = 2*m**2 - 49*m + 670. What are the prime factors of s(55)?
5, 7, 23
Suppose 771 + 20973 = 36*o. What are the prime factors of o?
2, 151
Suppose m - 5*b = 13, 5*m - 32 = -4*b + 4. Suppose -1128 = -2*o + y, o + 4*y - 571 = m*y. What are the prime factors of o?
563
Suppose 1 = -m + 5*x, 5*m + 3*x + 2*x - 25 = 0. Suppose -5*k + m*k + h + 535 = 0, 2168 = 4*k + 3*h. List the prime factors of k.
7, 11
Let j(o) = 5*o**2 + 24*o - 53. Let p be j(19). Suppose 130*q - p = 126*q. What are the prime factors of q?
2, 3, 23
Let f = -2301 + 3869. Suppose l = -4*n + 2099, -3*n - 4*l + f = -2*l. Suppose -4*x + 158 = -n. List the prime factors of x.
3, 19
Let c be -2*99/12*(-6)/(-9). Let j be (c + -1)*(-1)/(-2). List the prime factors of -4*(0 + 123/j).
2, 41
Let t be (-2982 - 6)*(33/(-9) + 3). Suppose 4*x - t = -588. List the prime factors of x.
3, 13
Let k be (120/140)/(4/14). Suppose -2 = -2*c + 4*u + 58, -k*c - 3*u + 90 = 0. What are the prime factors of c?
2, 3, 5
Let s(r) = -4*r**3 - 4*r**2 - 5*r - 7. Let v(a) = -a**3 - a**2 - a. Suppose -29 = b - 28. Let n(w) = b*s(w) + 5*v(w). What are the prime factors of n(-6)?
11, 17
Let d be -3*(-3 + 592/(-12)). Let p = d - 118. Suppose 0 = 10*t - p - 111. What are the prime factors of t?
3, 5
Let k(m) = -m - 5. Let u be k(-7). Let v be u/(-3) - 80/(-12). Suppose -3*p = -v*p + 162. What are the prime factors of p?
2, 3
Suppose 24247 = 12*r - 193301. What are the prime factors of r?
3, 6043
Let q be ((-921)/4)/((-13)/52). Let c = -332 + q. List the prime factors of c.
19, 31
Let i(n) = 27*n - 2. Let o(x) = x**3 + 6*x**2 + 7*x + 6. Let z be o(-5). Let m(h) = -26*h + 3. Let k(f) = z*i(f) - 5*m(f). What are the prime factors of k(5)?
103
What are the prime factors of (-30566)/5*(165/(-45) - -2)*3?
2, 17, 29, 31
Let t(l) = 2*l**2 + 3*l. Let f be t(-2). Let y(w) = -w - 2338*w**2 - 2*w + 5*w + 2378*w**2. List the prime factors of y(f).
2, 41
Suppose 0 = 3*c + 4*j - 3556, -5945 = -5*c + 19*j - 22*j. List the prime factors of c.
2, 149
List the prime factors of (0 - 2882399/(-104)) + ((-76)/32 - -2).
5, 23, 241
Let c be ((-24)/(-28))/(-3) + (-160)/28. Let y be (c + (-32)/6)*(-33 - 0). Let m = y - 184. List the prime factors of m.
2, 5, 19
Suppose -3434717 - 779501 + 323086 = -108*i. List the prime factors o